5*v - 6936 = -662*v. What is the highest common divisor of 600 and v?
24
Let j(c) = c**3 + 2*c**2 + c + 2. Let b be j(9). Calculate the greatest common divisor of b and 22.
22
Suppose 2*i + 72 = 6*i. Let p = 73 - -138. Suppose 22*z = -123 + p. Calculate the highest common divisor of z and i.
2
Suppose 116*f - 195 = 111*f. Suppose 2*s - 61 = 3*w, w = s - 4*w - 27. Suppose 0 = 3*q - s - 124. Calculate the greatest common divisor of q and f.
13
Let s(r) = r**3 - 3*r**2 - 24*r + 120. Let w be s(6). What is the highest common divisor of w and 6972?
84
Suppose 6852 = 2*u - 3*s, -17084 = -5*u + 2*s - 6*s. Calculate the highest common divisor of u and 190.
190
Let s = -587 - -603. Suppose 9*b + 28 = s*b. What is the highest common divisor of b and 284?
4
Suppose 0 = -154*n + 178*n - 6000. What is the highest common divisor of 64000 and n?
250
Let u = 18 + -109. Let p = -52 - u. Suppose -y + 2*y - 1757 = -5*o, -5*y + 10 = 0. Calculate the highest common factor of o and p.
39
Let q = 1323 - -1342. What is the greatest common factor of q and 130?
65
Let h = -16 - -14. Let b be h/(-12) - 13914/(-108). Let p = 194 - 151. What is the highest common factor of b and p?
43
Let r(l) = -l**3 - 14*l**2 - 8*l - 37. Let v be 1*(-20 + 1 + 5). Let n be r(v). Calculate the greatest common factor of n and 255.
15
Suppose 0 = 3*b - 5*k - 5057, 4*k - 5102 = -2*b - b. Suppose -59*d + 66*d - b = 0. What is the highest common divisor of d and 22?
22
Let w(x) = 7 - 12*x + 14*x**3 + 5*x**2 - 4 + 15 + 2. Let v be w(3). What is the highest common factor of 74 and v?
37
Let n be (-126)/(-3591) + 5405/285. Let u = -210 + 362. What is the highest common divisor of n and u?
19
Suppose 0 = -f - 22*u + 24*u + 83, -2*u = f - 87. Calculate the highest common factor of f and 2465.
85
Suppose -3*a + 492 = -4*a + 3*a. What is the highest common divisor of 3813 and a?
123
Let l(d) = 2*d**2 + 8*d + 6. Let c be l(-4). Let a be (16/10)/(c/(-255)). Let m be a/(-16) + (-1)/4. Calculate the highest common factor of m and 2.
2
Let r(y) = 4*y - y - 35 - 2. Let n be r(21). Let k = 274 + 12. What is the highest common factor of k and n?
26
Let p = -37 + 57. Suppose 0 = -5*i, 41*i = 2*a + 44*i - 150. Calculate the greatest common divisor of a and p.
5
Suppose 0 = -25*c + 400 - 100. Suppose c*z - 865 - 143 = 0. What is the greatest common divisor of 36 and z?
12
Suppose 100*i + 44992 - 179773 - 134919 = 0. What is the greatest common factor of i and 186?
93
Let v(b) = 3*b**2 - 7*b - 205. Let j be v(-15). Let a(z) = 3*z**2 + 5*z - 3. Let n be a(-4). Calculate the highest common divisor of j and n.
25
Let g(o) = -25*o**2 + 400*o + 2. Let f be g(15). What is the highest common divisor of f and 130?
13
Suppose o + 0*o = 5*t - 17, -t + 4*o + 11 = 0. Let q be 260/t - (-10)/(-15). Suppose -4*x + 34 = -q. Calculate the greatest common divisor of x and 6.
6
Suppose -10044 = 9*c - 10386. Calculate the highest common factor of c and 3534.
38
Let c be 2/8 - ((-7162)/(-8) - -5). Let x be c/14 - (-8)/28. Let u = x - -81. What is the highest common divisor of u and 17?
17
Let f = 194 - 185. Suppose -n + 10 = f. What is the greatest common factor of 37 and n?
1
Let d = -2637 - -2662. Calculate the highest common divisor of d and 1175.
25
Let x be (95*54/5)/2. Suppose 130 = 4*d + 22. Calculate the highest common factor of d and x.
27
Let u(c) = -2*c**3 + 23*c**2 + c + 15. Let m be u(7). Let x = m + -445. Calculate the highest common factor of 54 and x.
18
Let j be (-5)/3 + (-2)/(-9*(-10)/(-210)). What is the greatest common divisor of 27 and j?
3
Suppose -4*z + 63 = h - 93, 2*z + 5*h - 60 = 0. Let n be ((-18)/(-4))/(3/24). Let p be 3/(n/8)*12. What is the greatest common divisor of p and z?
8
Let i = -37 - -61. Let x be 3 - 2 - 2/4*2. Suppose x = w + 4*v - 0*v - 180, -5*v - 657 = -4*w. What is the highest common factor of i and w?
24
Suppose 0 = 5*y + 12 - 32. Suppose r = -2*n + 75, 0 = y*n - r + 96 - 255. What is the highest common divisor of n and 13?
13
Suppose -17032 = -4*i - 4*r, 3*i - 12782 = 3*r - 2*r. Calculate the greatest common divisor of i and 60.
60
Suppose -5*c + 96 = c. Suppose c*q - 3*q = 1534. Calculate the highest common divisor of 59 and q.
59
Let n(h) = 35*h**2 - 4*h + 3. Let z be n(2). Let x(w) = 712*w - 1394. Let d be x(2). Calculate the highest common factor of d and z.
15
Let x = 64 + -61. Suppose -2*w = -x*r - 11, 2*w - 3 = 4*r + 9. Let j be (-7)/(4/20*r). What is the highest common factor of j and 14?
7
Let v = -3215 + 3259. What is the highest common factor of 979 and v?
11
Let r = 875 - 506. Let s = 63 - 54. What is the highest common divisor of r and s?
9
Let d(b) = -124*b**2 + 3*b - 1. Let a(n) = n**2 - n. Let p(f) = -6*a(f) - d(f). Let u be p(-1). What is the greatest common divisor of u and 4?
4
Suppose 77 = l + 3. Let v = l - -30. What is the greatest common factor of v and 39?
13
Let d be (-2)/6 - (-518)/42. Suppose 4*g + 179 = 1047. Suppose g + 23 = 5*y. Calculate the greatest common factor of d and y.
12
Let h = 17 + -28. Let z(j) = -j**2 - 8*j + 26. Let y be z(h). Let g = -1 - y. What is the greatest common divisor of g and 54?
6
Let t be ((-56)/6)/(76/(-171)). Let c be 74/8 + (-1)/4. Suppose -4*p - 70 = -c*p. Calculate the highest common divisor of t and p.
7
Let g(f) = -f**3 + 3*f**2 - 4*f + 228. Let p be g(0). Calculate the greatest common factor of 38 and p.
38
Suppose 4*d = 132 - 4. Let u = d - 6. Suppose o = w - 7 - 3, 0 = -4*w - 3*o + u. What is the greatest common factor of w and 8?
8
Let u(c) = 6*c - 52. Let i be u(9). Let z be 12/9*(39/i + -6). Let d(y) = y**3 - y**2 + 4*y - 3. Let n be d(2). What is the highest common factor of n and z?
9
Let p(z) = -z**3 + 6*z + 8. Let i be p(-2). Suppose -i*f = -t - 190, -9*f + 7*f - t = -98. What is the greatest common divisor of 3 and f?
3
Suppose 0 = -0*a + 4*a + 308. Let q be (-784)/a + 6/(-33). Let p(j) = -j**2 + 11*j + 4. Let n be p(q). Calculate the highest common factor of 56 and n.
14
Let l = -1269 - -1577. Calculate the greatest common factor of l and 5313.
77
Let j = 9919 + -2791. Calculate the highest common divisor of 88 and j.
88
Let h(a) = -3*a - 24. Let i be h(-6). Let t be i/(-18)*9 - -1. What is the greatest common divisor of t and 9?
1
Let d(t) = -t**3 - 4*t**2 - t + 1. Let k be -1 + -1 + (4 - 6). Let c be d(k). What is the highest common divisor of c and 5?
5
Suppose 0 = -143*b + 17*b + 91102 + 148298. What is the greatest common factor of b and 14060?
380
Let b be 51/9 - 3 - (-2)/(-3). Let h(o) = -2268*o - o**b + 36 + 2287*o + 0*o**2. Let v be h(20). Calculate the highest common factor of 24 and v.
8
Suppose -5*n + 997 = 3*s, -659*s = -n - 654*s + 205. Calculate the greatest common divisor of 75 and n.
25
Suppose 7*y + y = -5*y + 468. What is the highest common factor of y and 64?
4
Suppose -d - 4*a = -164, d = -8*a + 13*a + 146. Suppose 4*w - d = 4*n, 0*w - 5*w + n = -179. What is the greatest common factor of w and 5?
5
Let o(u) = -3*u**3 + 49*u**2 + 2*u - 161. Let i be o(16). Calculate the greatest common factor of i and 508.
127
Let j(t) = -185*t**3 - 13*t**2 - 3*t + 41. Let q be j(-2). What is the greatest common factor of q and 25?
25
Let t(w) = 27*w + 13. Let i be t(3). Calculate the greatest common factor of i and 4042.
94
Suppose 0 = -4*x + 2*m + 12, 3*x - 6*m + 8*m - 16 = 0. Suppose 663 + 177 = x*r. Calculate the greatest common divisor of 84 and r.
42
Let s = -9 - -19. Let u(k) = 10*k**2 + s*k**2 + 5*k - 2 - 17*k**2. Let w be u(3). What is the greatest common divisor of w and 40?
40
Let a = 4578 + -4558. Let x(v) = -4*v - 2 + 2*v - 2*v. Let w be x(-3). What is the greatest common divisor of w and a?
10
Let m be (1 - 3)/(2/(-8)). Suppose 5*d = -m - 12. Let z be -20*((-6)/d - 2). Calculate the greatest common factor of 5 and z.
5
Suppose 825 = 6*l + 741. Let t be -15*((-16)/12 - -1). Suppose -5*o = -4*x - 786 + 246, 4*o - t*x - 423 = 0. What is the greatest common factor of o and l?
14
Let a = 335 + -97. Let x = -38 - -43. Suppose k - a = -2*s, -64 = -s + x*k + 66. Calculate the highest common divisor of s and 15.
15
Let r be 63/(-18)*1*-2. Suppose 0 = 4*q + t - 27, -4*t + 24 + r = 5*q. Suppose -1 = -8*b + q*b. Calculate the greatest common factor of 7 and b.
1
Let i be (-1112)/(-28) - 4/(-14). Let a 